{"id":17,"date":"2017-07-27T02:43:42","date_gmt":"2017-07-27T00:43:42","guid":{"rendered":"http:\/\/cocktaildevie.com\/?page_id=17"},"modified":"2023-05-17T23:42:26","modified_gmt":"2023-05-17T21:42:26","slug":"a-propos-de","status":"publish","type":"page","link":"https:\/\/cocktaildevie.com\/index.php\/a-propos-de\/","title":{"rendered":"Qui suis-je ?"},"content":{"rendered":"<p>Coach passionn\u00e9e par le d\u00e9veloppement et le d\u00e9pouillement personnel, Aventuri\u00e8re cr\u00e9ative, Auteure et fondatrice de <strong>Cocktail de Vie<\/strong>, ma mission est de vous accompagner \u00e0 atteindre vos objectifs de vie et business en d\u00e9veloppant votre potentiel, et en vous connectant \u00e0 vos \u00e9motions g\u00e9n\u00e9ratives. Ma vision est de responsabiliser chaque \u00eatre sur son bien-\u00eatre et son estime de soi, en partageant et en guidant avec douceur vers des clefs d\u2019optimisation de votre \u00e9panouissement et de votre libert\u00e9.<\/p>\n","protected":false},"excerpt":{"rendered":"<p>Coach passionn\u00e9e par le d\u00e9veloppement et le d\u00e9pouillement personnel, Aventuri\u00e8re cr\u00e9ative, Auteure et fondatrice de Cocktail de Vie, ma mission est de vous accompagner \u00e0 atteindre vos objectifs de vie &hellip; <\/p>\n","protected":false},"author":1,"featured_media":65,"parent":0,"menu_order":0,"comment_status":"closed","ping_status":"closed","template":"","meta":[],"_links":{"self":[{"href":"https:\/\/cocktaildevie.com\/index.php\/wp-json\/wp\/v2\/pages\/17"}],"collection":[{"href":"https:\/\/cocktaildevie.com\/index.php\/wp-json\/wp\/v2\/pages"}],"about":[{"href":"https:\/\/cocktaildevie.com\/index.php\/wp-json\/wp\/v2\/types\/page"}],"author":[{"embeddable":true,"href":"https:\/\/cocktaildevie.com\/index.php\/wp-json\/wp\/v2\/users\/1"}],"replies":[{"embeddable":true,"href":"https:\/\/cocktaildevie.com\/index.php\/wp-json\/wp\/v2\/comments?post=17"}],"version-history":[{"count":2,"href":"https:\/\/cocktaildevie.com\/index.php\/wp-json\/wp\/v2\/pages\/17\/revisions"}],"predecessor-version":[{"id":131,"href":"https:\/\/cocktaildevie.com\/index.php\/wp-json\/wp\/v2\/pages\/17\/revisions\/131"}],"wp:featuredmedia":[{"embeddable":true,"href":"https:\/\/cocktaildevie.com\/index.php\/wp-json\/wp\/v2\/media\/65"}],"wp:attachment":[{"href":"https:\/\/cocktaildevie.com\/index.php\/wp-json\/wp\/v2\/media?parent=17"}],"curies":[{"name":"wp","href":"https:\/\/api.w.org\/{rel}","templated":true}]}}